{"id":974,"date":"2016-07-06T17:51:36","date_gmt":"2016-07-06T17:51:36","guid":{"rendered":"https:\/\/www.ukradeny-notebook.cz\/?page_id=2"},"modified":"2021-03-24T07:36:23","modified_gmt":"2021-03-24T06:36:23","slug":"home","status":"publish","type":"page","link":"https:\/\/www.ukradeny-notebook.cz\/","title":{"rendered":"HOME"},"content":{"rendered":"<p><div id=\"#top\"><div class=\"fusion-fullwidth fullwidth-box fusion-builder-row-1 fusion-flex-container fusion-parallax-none nonhundred-percent-fullwidth hundred-percent-height hundred-percent-height-center-content non-hundred-percent-height-scrolling\" style=\"background-color: rgba(255,255,255,0);background-image: url(&quot;https:\/\/www.ukradeny-notebook.cz\/wp-content\/uploads\/2020\/10\/main-background-1.jpg&quot;);background-position: center center;background-repeat: no-repeat;border-width: 0px 0px 0px 0px;border-color:#eae9e9;border-style:solid;-webkit-background-size:cover;-moz-background-size:cover;-o-background-size:cover;background-size:cover;\" ><div class=\"fusion-builder-row fusion-row fusion-flex-align-items-center fusion-flex-align-content-center\" style=\"max-width:1216.8px;margin-left: calc(-4% \/ 2 );margin-right: calc(-4% \/ 2 );\"><div class=\"fusion-layout-column fusion_builder_column fusion-builder-column-0 fusion_builder_column_1_1 1_1 fusion-flex-column\"><div class=\"fusion-column-wrapper fusion-flex-justify-content-center fusion-content-layout-column\" style=\"background-position:left top;background-repeat:no-repeat;-webkit-background-size:cover;-moz-background-size:cover;-o-background-size:cover;background-size:cover;padding: 0px 0px 0px 0px;\"><div class=\"fusion-menu-anchor\" id=\"top\"><\/div><style type=\"text\/css\">@media only screen and (max-width:1024px) {.fusion-title.fusion-title-1{margin-top:24px!important;margin-bottom:24px!important;}}@media only screen and (max-width:640px) {.fusion-title.fusion-title-1{margin-top:20px!important;margin-bottom:20px!important;}}<\/style><div class=\"fusion-title title fusion-title-1 fusion-sep-none fusion-title-center fusion-title-text fusion-title-size-one\" style=\"margin-top:24px;margin-bottom:24px;\"><h1 class=\"title-heading-center\" style=\"margin:0;color:#ffffff;\">Soud pravomocn\u011b rozhodnul<\/h1><\/div><style type=\"text\/css\">@media only screen and (max-width:1024px) {.fusion-title.fusion-title-2{margin-top:24px!important;margin-bottom:24px!important;}}@media only screen and (max-width:640px) {.fusion-title.fusion-title-2{margin-top:20px!important;margin-bottom:20px!important;}}<\/style><div class=\"fusion-title title fusion-title-2 fusion-sep-none fusion-title-center fusion-title-text fusion-title-size-three\" style=\"margin-top:24px;margin-bottom:24px;\"><h3 class=\"title-heading-center\" style=\"margin:0;color:#ffffff;\"><span style=\"font-weight: 400;\">P\u0159ed dev\u00edti lety na\u0161el sv\u016fj ukraden\u00fd notebook, p\u0159esto\u017ee policie nic ned\u011blala. Soud sice tvrd\u00ed, \u017ee nov\u00ed majitel\u00e9 m\u011bli v\u011bd\u011bt, \u017ee notebook byl kraden\u00fd, p\u0159esto ale Luk\u00e1\u0161ovi na\u0159\u00eddil zaplatit p\u0159es 134 tis\u00edc korun.<\/span><\/h3><\/div><\/div><\/div><style type=\"text\/css\">.fusion-body .fusion-builder-column-0{width:100% !important;margin-top : 0px;margin-bottom : 0px;}.fusion-builder-column-0 > .fusion-column-wrapper {padding-top : 0px !important;padding-right : 0px !important;margin-right : 1.92%;padding-bottom : 0px !important;padding-left : 0px !important;margin-left : 1.92%;}@media only screen and (max-width:1024px) {.fusion-body .fusion-builder-column-0{width:100% !important;order : 0;}.fusion-builder-column-0 > .fusion-column-wrapper {margin-right : 1.92%;margin-left : 1.92%;}}@media only screen and (max-width:640px) {.fusion-body .fusion-builder-column-0{width:100% !important;order : 0;}.fusion-builder-column-0 > .fusion-column-wrapper {margin-right : 1.92%;margin-left : 1.92%;}}<\/style><div class=\"fusion-layout-column fusion_builder_column fusion-builder-column-1 fusion_builder_column_1_5 1_5 fusion-flex-column\"><div class=\"fusion-column-wrapper fusion-flex-justify-content-center fusion-content-layout-column\" style=\"background-position:left top;background-repeat:no-repeat;-webkit-background-size:cover;-moz-background-size:cover;-o-background-size:cover;background-size:cover;padding: 0px 0px 0px 0px;\"><\/div><\/div><style type=\"text\/css\">.fusion-body .fusion-builder-column-1{width:20% !important;margin-top : 0px;margin-bottom : 0px;}.fusion-builder-column-1 > .fusion-column-wrapper {padding-top : 0px !important;padding-right : 0px !important;margin-right : 9.6%;padding-bottom : 0px !important;padding-left : 0px !important;margin-left : 9.6%;}@media only screen and (max-width:1024px) {.fusion-body .fusion-builder-column-1{width:100% !important;order : 0;}.fusion-builder-column-1 > .fusion-column-wrapper {margin-right : 1.92%;margin-left : 1.92%;}}@media only screen and (max-width:640px) {.fusion-body .fusion-builder-column-1{width:100% !important;order : 0;}.fusion-builder-column-1 > .fusion-column-wrapper {margin-right : 1.92%;margin-left : 1.92%;}}<\/style><div class=\"fusion-layout-column fusion_builder_column fusion-builder-column-2 fusion_builder_column_1_5 1_5 fusion-flex-column\"><div class=\"fusion-column-wrapper fusion-flex-justify-content-flex-start fusion-content-layout-column\" style=\"background-position:left top;background-repeat:no-repeat;-webkit-background-size:cover;-moz-background-size:cover;-o-background-size:cover;background-size:cover;padding: 0px 0px 0px 0px;\"><\/div><\/div><style type=\"text\/css\">.fusion-body .fusion-builder-column-2{width:20% !important;margin-top : 0px;margin-bottom : 0px;}.fusion-builder-column-2 > .fusion-column-wrapper {padding-top : 0px !important;padding-right : 0px !important;margin-right : 9.6%;padding-bottom : 0px !important;padding-left : 0px !important;margin-left : 9.6%;}@media only screen and (max-width:1024px) {.fusion-body .fusion-builder-column-2{width:100% !important;order : 0;}.fusion-builder-column-2 > .fusion-column-wrapper {margin-right : 1.92%;margin-left : 1.92%;}}@media only screen and (max-width:640px) {.fusion-body .fusion-builder-column-2{width:100% !important;order : 0;}.fusion-builder-column-2 > .fusion-column-wrapper {margin-right : 1.92%;margin-left : 1.92%;}}<\/style><div class=\"fusion-layout-column fusion_builder_column fusion-builder-column-3 fusion_builder_column_1_5 1_5 fusion-flex-column\"><div class=\"fusion-column-wrapper fusion-flex-justify-content-flex-start fusion-content-layout-column\" style=\"background-position:left top;background-repeat:no-repeat;-webkit-background-size:cover;-moz-background-size:cover;-o-background-size:cover;background-size:cover;padding: 0px 0px 0px 85px;\"><a class=\"fusion-one-page-text-link\"><a class=\"fb-icon-element-1 fb-icon-element fontawesome-icon fa-angle-down fas circle-no fusion-link\" style=\"font-size:80px;align-self:center;\" href=\"#Watch\" aria-label=\"Link to #Watch\" target=\"_self\"><\/a><style>a.fb-icon-element.fontawesome-icon.fb-icon-element-1{ color: #ffffff;}a.fb-icon-element.fontawesome-icon.fb-icon-element-1:hover { color: #7da7fa;}<\/style><\/a><\/div><\/div><style type=\"text\/css\">.fusion-body .fusion-builder-column-3{width:20% !important;margin-top : 0px;margin-bottom : 0px;}.fusion-builder-column-3 > .fusion-column-wrapper {padding-top : 0px !important;padding-right : 0px !important;margin-right : 9.6%;padding-bottom : 0px !important;padding-left : 85px !important;margin-left : 0%;}@media only screen and (max-width:1024px) {.fusion-body .fusion-builder-column-3{width:100% !important;order : 0;}.fusion-builder-column-3 > .fusion-column-wrapper {margin-right : 1.92%;margin-left : 1.92%;}}@media only screen and (max-width:640px) {.fusion-body .fusion-builder-column-3{width:100% !important;order : 0;}.fusion-builder-column-3 > .fusion-column-wrapper {margin-right : 1.92%;margin-left : 1.92%;}}<\/style><div class=\"fusion-layout-column fusion_builder_column fusion-builder-column-4 fusion_builder_column_1_5 1_5 fusion-flex-column\"><div class=\"fusion-column-wrapper fusion-flex-justify-content-flex-start fusion-content-layout-column\" style=\"background-position:left top;background-repeat:no-repeat;-webkit-background-size:cover;-moz-background-size:cover;-o-background-size:cover;background-size:cover;padding: 0px 0px 0px 0px;\"><\/div><\/div><style type=\"text\/css\">.fusion-body .fusion-builder-column-4{width:20% !important;margin-top : 0px;margin-bottom : 0px;}.fusion-builder-column-4 > .fusion-column-wrapper {padding-top : 0px !important;padding-right : 0px !important;margin-right : 9.6%;padding-bottom : 0px !important;padding-left : 0px !important;margin-left : 9.6%;}@media only screen and (max-width:1024px) {.fusion-body .fusion-builder-column-4{width:100% !important;order : 0;}.fusion-builder-column-4 > .fusion-column-wrapper {margin-right : 1.92%;margin-left : 1.92%;}}@media only screen and (max-width:640px) {.fusion-body .fusion-builder-column-4{width:100% !important;order : 0;}.fusion-builder-column-4 > .fusion-column-wrapper {margin-right : 1.92%;margin-left : 1.92%;}}<\/style><div class=\"fusion-layout-column fusion_builder_column fusion-builder-column-5 fusion_builder_column_1_5 1_5 fusion-flex-column\"><div class=\"fusion-column-wrapper fusion-flex-justify-content-flex-start fusion-content-layout-column\" style=\"background-position:left top;background-repeat:no-repeat;-webkit-background-size:cover;-moz-background-size:cover;-o-background-size:cover;background-size:cover;padding: 0px 0px 0px 0px;\"><\/div><\/div><style type=\"text\/css\">.fusion-body .fusion-builder-column-5{width:20% !important;margin-top : 0px;margin-bottom : 0px;}.fusion-builder-column-5 > .fusion-column-wrapper {padding-top : 0px !important;padding-right : 0px !important;margin-right : 9.6%;padding-bottom : 0px !important;padding-left : 0px !important;margin-left : 9.6%;}@media only screen and (max-width:1024px) {.fusion-body .fusion-builder-column-5{width:100% !important;order : 0;}.fusion-builder-column-5 > .fusion-column-wrapper {margin-right : 1.92%;margin-left : 1.92%;}}@media only screen and (max-width:640px) {.fusion-body .fusion-builder-column-5{width:100% !important;order : 0;}.fusion-builder-column-5 > .fusion-column-wrapper {margin-right : 1.92%;margin-left : 1.92%;}}<\/style><\/div><style type=\"text\/css\">.fusion-body .fusion-flex-container.fusion-builder-row-1{ padding-top : 100px;margin-top : 0px;padding-right : 0px;padding-bottom : 0px;margin-bottom : 0px;padding-left : 0px;}<\/style><\/div><\/div><div id=\"#Watch\"><div class=\"fusion-fullwidth fullwidth-box fusion-builder-row-2 fusion-flex-container nonhundred-percent-fullwidth non-hundred-percent-height-scrolling\" style=\"background-color: rgba(255,255,255,0);background-position: center center;background-repeat: no-repeat;border-width: 0px 0px 0px 0px;border-color:#eae9e9;border-style:solid;\" ><div class=\"fusion-builder-row fusion-row fusion-flex-align-items-flex-start\" style=\"max-width:1216.8px;margin-left: calc(-4% \/ 2 );margin-right: calc(-4% \/ 2 );\"><div class=\"fusion-layout-column fusion_builder_column fusion-builder-column-6 fusion_builder_column_1_1 1_1 fusion-flex-column\"><div class=\"fusion-column-wrapper fusion-flex-justify-content-flex-start fusion-content-layout-column\" style=\"background-position:left top;background-repeat:no-repeat;-webkit-background-size:cover;-moz-background-size:cover;-o-background-size:cover;background-size:cover;padding: 0px 0px 0px 0px;\"><div class=\"fusion-menu-anchor\" id=\"Watch\"><\/div><style type=\"text\/css\">@media only screen and (max-width:1024px) {.fusion-title.fusion-title-3{margin-top:65px!important;margin-bottom:35px!important;}}@media only screen and (max-width:640px) {.fusion-title.fusion-title-3{margin-top:20px!important;margin-bottom:20px!important;}}<\/style><div class=\"fusion-title title fusion-title-3 fusion-sep-none fusion-title-center fusion-title-text fusion-title-size-three\" style=\"margin-top:65px;margin-bottom:35px;\"><h3 class=\"title-heading-center\" style=\"margin:0;\"><p style=\"text-align: center;\">P\u0159\u00edb\u011bh ukraden\u00e9ho notebooku<\/p><\/h3><\/div><div class=\"fusion-video fusion-youtube\" style=\"max-width:1200px;max-height:675px;align-self:center; width:100%\"><div class=\"video-shortcode\"><iframe title=\"YouTube video player\" src=\"https:\/\/www.youtube.com\/embed\/nSW50buxdd4?wmode=transparent&autoplay=0\" width=\"1200\" height=\"675\" allowfullscreen allow=\"autoplay; fullscreen\"><\/iframe><\/div><\/div><\/div><\/div><style type=\"text\/css\">.fusion-body .fusion-builder-column-6{width:100% !important;margin-top : 0px;margin-bottom : 0px;}.fusion-builder-column-6 > .fusion-column-wrapper {padding-top : 0px !important;padding-right : 0px !important;margin-right : 1.92%;padding-bottom : 0px !important;padding-left : 0px !important;margin-left : 1.92%;}@media only screen and (max-width:1024px) {.fusion-body .fusion-builder-column-6{width:100% !important;order : 0;}.fusion-builder-column-6 > .fusion-column-wrapper {margin-right : 1.92%;margin-left : 1.92%;}}@media only screen and (max-width:640px) {.fusion-body .fusion-builder-column-6{width:100% !important;order : 0;}.fusion-builder-column-6 > .fusion-column-wrapper {margin-right : 1.92%;margin-left : 1.92%;}}<\/style><\/div><style type=\"text\/css\">.fusion-body .fusion-flex-container.fusion-builder-row-2{ padding-top : 0px;margin-top : 0px;padding-right : 0px;padding-bottom : 0px;margin-bottom : 0px;padding-left : 0px;}<\/style><\/div><\/div><div class=\"fusion-fullwidth fullwidth-box fusion-builder-row-3 fusion-flex-container nonhundred-percent-fullwidth non-hundred-percent-height-scrolling\" style=\"background-color: rgba(255,255,255,0);background-position: center center;background-repeat: no-repeat;border-width: 0px 0px 0px 0px;border-color:#eae9e9;border-style:solid;min-height:800px;\" ><div class=\"fusion-builder-row fusion-row fusion-flex-align-items-stretch\" style=\"max-width:1216.8px;margin-left: calc(-4% \/ 2 );margin-right: calc(-4% \/ 2 );\"><div class=\"fusion-layout-column fusion_builder_column fusion-builder-column-7 fusion_builder_column_1_1 1_1 fusion-flex-column\"><div class=\"fusion-column-wrapper fusion-flex-justify-content-flex-start fusion-content-layout-column\" style=\"background-position:left top;background-repeat:no-repeat;-webkit-background-size:cover;-moz-background-size:cover;-o-background-size:cover;background-size:cover;padding: 0px 0px 0px 0px;\"><div class=\"fusion-menu-anchor\" id=\"ruling\"><\/div><style type=\"text\/css\">@media only screen and (max-width:1024px) {.fusion-title.fusion-title-4{margin-top:65px!important;margin-bottom:35px!important;}}@media only screen and (max-width:640px) {.fusion-title.fusion-title-4{margin-top:20px!important;margin-bottom:20px!important;}}<\/style><div class=\"fusion-title title fusion-title-4 fusion-sep-none fusion-title-center fusion-title-text fusion-title-size-three\" style=\"margin-top:65px;margin-bottom:35px;\"><h3 class=\"title-heading-center\" style=\"margin:0;\">Rozhodnut\u00ed soudu<\/h3><\/div><div id=\"adobe-dc-view\" width=\"100%\" height=\"100%\"><\/div>\n<script src=\"https:\/\/documentcloud.adobe.com\/view-sdk\/main.js\"><\/script>\n<script type=\"text\/javascript\">\n    document.addEventListener(\"adobe_dc_view_sdk.ready\", function(){ \n        var adobeDCView = new AdobeDC.View({clientId: \"d6a09817a2b94be6b4e7fc4547234169\", divId: \"adobe-dc-view\"});\n        adobeDCView.previewFile({\n            content:{location: {url: \"https:\/\/www.ukradeny-notebook.cz\/wp-content\/uploads\/2021\/03\/court-ruling.pdf\"}},\n            metaData:{fileName: \"court-ruling.pdf\"}\n        }, {defaultViewMode: \"FIT_WIDTH\", showAnnotationTools: false, dockPageControls: false});\n    });\n<\/script><\/div><\/div><style type=\"text\/css\">.fusion-body .fusion-builder-column-7{width:100% !important;margin-top : 0px;margin-bottom : 0px;}.fusion-builder-column-7 > .fusion-column-wrapper {padding-top : 0px !important;padding-right : 0px !important;margin-right : 1.92%;padding-bottom : 0px !important;padding-left : 0px !important;margin-left : 1.92%;}@media only screen and (max-width:1024px) {.fusion-body .fusion-builder-column-7{width:100% !important;order : 0;}.fusion-builder-column-7 > .fusion-column-wrapper {margin-right : 1.92%;margin-left : 1.92%;}}@media only screen and (max-width:640px) {.fusion-body .fusion-builder-column-7{width:100% !important;order : 0;}.fusion-builder-column-7 > .fusion-column-wrapper {margin-right : 1.92%;margin-left : 1.92%;}}<\/style><\/div><style type=\"text\/css\">.fusion-body .fusion-flex-container.fusion-builder-row-3{ padding-top : 0px;margin-top : 0px;padding-right : 0px;padding-bottom : 100px;margin-bottom : 0px;padding-left : 0px;}<\/style><\/div><div id=\"#D\u00edky\"><div class=\"fusion-fullwidth fullwidth-box fusion-builder-row-4 fusion-flex-container nonhundred-percent-fullwidth non-hundred-percent-height-scrolling\" style=\"background-color: rgba(255,255,255,0);background-position: center center;background-repeat: no-repeat;border-width: 0px 0px 0px 0px;border-color:#eae9e9;border-style:solid;\" ><div class=\"fusion-builder-row fusion-row fusion-flex-align-items-flex-start\" style=\"max-width:1216.8px;margin-left: calc(-4% \/ 2 );margin-right: calc(-4% \/ 2 );\"><div class=\"fusion-layout-column fusion_builder_column fusion-builder-column-8 fusion_builder_column_1_1 1_1 fusion-flex-column\"><div class=\"fusion-column-wrapper fusion-flex-justify-content-flex-start fusion-content-layout-column\" style=\"background-position:left top;background-repeat:no-repeat;-webkit-background-size:cover;-moz-background-size:cover;-o-background-size:cover;background-size:cover;padding: 0px 0px 0px 0px;\"><div class=\"fusion-menu-anchor\" id=\"D\u00edky\"><\/div><style type=\"text\/css\">@media only screen and (max-width:1024px) {.fusion-title.fusion-title-5{margin-top:65px!important;margin-bottom:35px!important;}}@media only screen and (max-width:640px) {.fusion-title.fusion-title-5{margin-top:20px!important;margin-bottom:20px!important;}}<\/style><div class=\"fusion-title title fusion-title-5 fusion-sep-none fusion-title-center fusion-title-text fusion-title-size-three\" style=\"margin-top:65px;margin-bottom:35px;\"><h3 class=\"title-heading-center\" style=\"margin:0;\">Mockr\u00e1t d\u011bkuji v\u0161em p\u0159isp\u011bvatel\u016fm<\/h3><\/div><div class=\"fusion-text fusion-text-1 fusion-text-split-columns fusion-text-columns-4\" style=\" -webkit-column-count:4; -webkit-column-gap:2em; -webkit-column-width:100px; -moz-column-count:4; -moz-column-gap:2em; -moz-column-width:100px; column-count:4; column-gap:2em; column-width:100px;transform:translate3d(0,0,0);\" id=\"supporter-list\"><ul>\n<li>\u0160t\u011bp\u00e1n Kirman<\/li>\n<li>Tomas Laurin<\/li>\n<li>Tomas Mohr<\/li>\n<li>Franti\u0161ek H\u00e1na<\/li>\n<li>Boris Kravjansky<\/li>\n<li>Viliam Jobko<\/li>\n<li>Josef Kon\u00e1rek<\/li>\n<li>Marek Hrab\u011b<\/li>\n<li>Michal Hosna<\/li>\n<li>Ond\u0159ej Koupil<\/li>\n<li>Jakub Smol\u00edk<\/li>\n<li>Petr Utinek<\/li>\n<li>Ond\u0159ej Bakan<\/li>\n<li>Stanislav Filip\u010d\u00edk<\/li>\n<li>Michal \u0160ev\u010d\u00edk<\/li>\n<li>irena mali<\/li>\n<li>Radovan Kratochv\u00edl<\/li>\n<li>Jakub Bokoc<\/li>\n<li>Jan Blaha<\/li>\n<li>Jan Hrabal<\/li>\n<li>Michal Pufr<\/li>\n<li>Vil\u00e9m Fran\u011bk<\/li>\n<li>Marek Bojanovsk\u00fd<\/li>\n<li>Jan Stefan<\/li>\n<li>So\u0148a \u010cern\u00edkov\u00e1<\/li>\n<li>Ji\u0159\u00ed Cirkovsk\u00fd<\/li>\n<li>Theodor \u0160pidlen<\/li>\n<li>Peter Kisel<\/li>\n<li>Petr Kozisek<\/li>\n<li>Karel Rujzl<\/li>\n<li>Jan Spiryt<\/li>\n<li>Zdenek Sleha<\/li>\n<li>Tom Fila<\/li>\n<li>Pavel Hor\u00e1k<\/li>\n<li>Lubom\u00edr Hanu\u0161<\/li>\n<li>Nereknu Nereknu<\/li>\n<li>Yvona Pojezn\u00e1<\/li>\n<li>Marek Lan\u010da<\/li>\n<li>Zden\u011bk Pecina<\/li>\n<li>Luk\u00e1\u0161 Augustin<\/li>\n<li>V K<\/li>\n<li>Martin a Marcela Filip<\/li>\n<li>Tereza Stodolov\u00e1<\/li>\n<li>Vojt\u011bch Hru\u0161ka<\/li>\n<li>Vlastimil Nov\u00fd<\/li>\n<li>Robert \u0160\u00edma<\/li>\n<li>Jan P\u0161eni\u010dka<\/li>\n<li>Jan Mazur<\/li>\n<li>David N\u00e1vrat<\/li>\n<li>David Prokes<\/li>\n<li>Jakub Ko\u017e\u00ed\u0161ek<\/li>\n<li>Tom\u00e1\u0161 Rulc<\/li>\n<li>Richard Z\u00edka<\/li>\n<li>Marta Landov\u00e1<\/li>\n<li>Zden\u011bk Pliska<\/li>\n<li>Lubom\u00edr Dvo\u0159\u00e1k<\/li>\n<li>Jana Peterkov\u00e1<\/li>\n<li>Jan Sou\u010dek<\/li>\n<li>J. Zem\u00e1nek<\/li>\n<li>Martin Zaj\u00edc<\/li>\n<li>Radek Krej\u010da<\/li>\n<li>David \u0160t\u011brb\u00e1\u010dek<\/li>\n<li>martin lohnert<\/li>\n<li>Tom\u00e1\u0161 Radon<\/li>\n<li>Petr Pikner<\/li>\n<li>Tom\u00e1\u0161 Zerza\u0148<\/li>\n<li>Pavel Chmela\u0159<\/li>\n<li>Dana Losenick\u00e1<\/li>\n<li>jirka kubenka<\/li>\n<li>Pavel Rejholec<\/li>\n<li>Kuba Alexa<\/li>\n<li>Karel Vy\u010d\u00edtal<\/li>\n<li>Ondrej Buzga<\/li>\n<li>Petr Ho\u0161ek<\/li>\n<li>Marek H\u00fdl<\/li>\n<li>Tom\u00e1\u0161 Kasl<\/li>\n<li>Vladislav Ove\u010dka<\/li>\n<li>Petr Hr\u010dek<\/li>\n<li>Jiri Ulip<\/li>\n<li>Sausen Sladkova<\/li>\n<li>Zden\u011bk Pla\u010dek<\/li>\n<li>Tade\u00e1\u0161 Burger<\/li>\n<li>Luk\u00e1\u0161 Kupec<\/li>\n<li>Franti\u0161ek Brazdilik<\/li>\n<li>Ond\u0159ej Han\u00e1k<\/li>\n<li>Petr Ka\u010denka<\/li>\n<li>Josef Charv\u00e1t<\/li>\n<li>Petr Hrub\u00fd<\/li>\n<li>Martin Kukl\u00ednek<\/li>\n<li>Adam Kalina<\/li>\n<li>Alice Stuchl\u00edkov\u00e1<\/li>\n<li>O Simanek<\/li>\n<li>Martin Kremer<\/li>\n<li>Ivo Hryz\u00e1k<\/li>\n<li>Petr Jan\u00edk<\/li>\n<li>Gabriela Samuel<\/li>\n<li>Bohuslav Matou\u0161<\/li>\n<li>David Salcer<\/li>\n<li>Petr V\u00e1lek<\/li>\n<li>Jan Babick\u00fd<\/li>\n<li>Vojt\u011bch Kotous<\/li>\n<li>Lubom\u00edr Posp\u00ed\u0161il<\/li>\n<li>Kate\u0159ina Konvi\u010dn\u00e1<\/li>\n<li>marek kratochv\u00edl<\/li>\n<li>Pavel Pleva<\/li>\n<li>Ond\u0159ej V\u00edtek<\/li>\n<li>Tomas Kubista<\/li>\n<li>Radovan vacek<\/li>\n<li>Petr Kom\u00e1rek<\/li>\n<li>Patrik Majer<\/li>\n<li>Milan Ft\u00e1\u010dnik<\/li>\n<li>Ji\u0159\u00ed Barto\u0148<\/li>\n<li>Michal Morawski<\/li>\n<li>Lukas Vojt<\/li>\n<li>Martin Dufka<\/li>\n<li>Theodor Adla<\/li>\n<li>Martin Argal\u00e1\u0161<\/li>\n<li>Petr Vyb\u00edral<\/li>\n<li>Luk\u00e1\u0161 Polnick\u00fd<\/li>\n<li>Ji\u0159\u00ed Tinka<\/li>\n<li>Daniel Tich\u00fd<\/li>\n<li>Jan Truksa<\/li>\n<li>Dagmar K.<\/li>\n<li>Martin Ullmann<\/li>\n<li>Blanka Zahajsk\u00e1<\/li>\n<li>Tom\u00e1\u0161 Mr\u00e1zek<\/li>\n<li>Tom\u00e1\u0161 Guziurek<\/li>\n<li>Karel Taft<\/li>\n<li>Josef Skalsk\u00fd<\/li>\n<li>Radovan Pe\u0161\u00e1k<\/li>\n<li>Otakar Havla<\/li>\n<li>Michal Duda<\/li>\n<li>Franti\u0161ek H\u016frka<\/li>\n<li>Jakub Havl\u00ed\u010dek<\/li>\n<li>Josef Hubert<\/li>\n<li>Kamil \u017d\u00e1\u010dek<\/li>\n<li>Michal Trnik<\/li>\n<li>Michal Pe\u0161at<\/li>\n<li>Z R<\/li>\n<li>Egon Eckert<\/li>\n<li>David Hanzl\u00edk<\/li>\n<li>Ond\u0159ej Kub\u00e1t<\/li>\n<li>Kubajz Bro\u017e<\/li>\n<li>Karel \u0160vagera Novosad<\/li>\n<li>Ludmila Mimr\u00e1nkov\u00e1<\/li>\n<li>Tom\u00e1\u0161 Jakub\u00edk<\/li>\n<li>Josef Cup\u00e1nek<\/li>\n<li>Radek Mach\u00e1\u010dek<\/li>\n<li>Tom\u00e1\u0161 Straka<\/li>\n<li>Jakub Vyplel<\/li>\n<li>Jan V\u00edtek<\/li>\n<li>Vladim\u00edr Motyka<\/li>\n<li>Libor Ukropec<\/li>\n<li>Roman Daniel<\/li>\n<li>Anonym ProSpravedlnost<\/li>\n<li>Tom\u00e1\u0161 P\u0159ibyl<\/li>\n<li>Ludmila Rul\u00ed\u010dkov\u00e1<\/li>\n<li>jan fri\u010d<\/li>\n<li>Jaroslav Ka\u010der<\/li>\n<li>Martin Pr\u016f\u0161a<\/li>\n<li>Jakub Ch\u00e1bek<\/li>\n<li>Milan Marhoul<\/li>\n<li>V\u00e1clav Petr\u00e1k<\/li>\n<li>Marek Vl\u010dek<\/li>\n<li>Tomas Bohata<\/li>\n<li>Ale\u0161 Krej\u010d\u00ed<\/li>\n<li>Fil Master<\/li>\n<li>Peter Jank\u016f<\/li>\n<li>Stanislav Penc<\/li>\n<li>Jakub Hornik<\/li>\n<li>David Proch\u00e1zka<\/li>\n<li>Jaroslav Urik<\/li>\n<\/ul>\n<\/div><\/div><\/div><style type=\"text\/css\">.fusion-body .fusion-builder-column-8{width:100% !important;margin-top : 0px;margin-bottom : 0px;}.fusion-builder-column-8 > .fusion-column-wrapper {padding-top : 0px !important;padding-right : 0px !important;margin-right : 1.92%;padding-bottom : 0px !important;padding-left : 0px !important;margin-left : 1.92%;}@media only screen and (max-width:1024px) {.fusion-body .fusion-builder-column-8{width:100% !important;order : 0;}.fusion-builder-column-8 > .fusion-column-wrapper {margin-right : 1.92%;margin-left : 1.92%;}}@media only screen and (max-width:640px) {.fusion-body .fusion-builder-column-8{width:100% !important;order : 0;}.fusion-builder-column-8 > .fusion-column-wrapper {margin-right : 1.92%;margin-left : 1.92%;}}<\/style><\/div><style type=\"text\/css\">.fusion-body .fusion-flex-container.fusion-builder-row-4{ padding-top : 0px;margin-top : 0px;padding-right : 0px;padding-bottom : 50px;margin-bottom : 0px;padding-left : 0px;}<\/style><\/div><\/div><\/p>\n","protected":false},"excerpt":{"rendered":"","protected":false},"author":1,"featured_media":0,"parent":0,"menu_order":0,"comment_status":"closed","ping_status":"closed","template":"100-width.php","meta":[],"_links":{"self":[{"href":"https:\/\/www.ukradeny-notebook.cz\/index.php?rest_route=\/wp\/v2\/pages\/974"}],"collection":[{"href":"https:\/\/www.ukradeny-notebook.cz\/index.php?rest_route=\/wp\/v2\/pages"}],"about":[{"href":"https:\/\/www.ukradeny-notebook.cz\/index.php?rest_route=\/wp\/v2\/types\/page"}],"author":[{"embeddable":true,"href":"https:\/\/www.ukradeny-notebook.cz\/index.php?rest_route=\/wp\/v2\/users\/1"}],"replies":[{"embeddable":true,"href":"https:\/\/www.ukradeny-notebook.cz\/index.php?rest_route=%2Fwp%2Fv2%2Fcomments&post=974"}],"version-history":[{"count":137,"href":"https:\/\/www.ukradeny-notebook.cz\/index.php?rest_route=\/wp\/v2\/pages\/974\/revisions"}],"predecessor-version":[{"id":1184,"href":"https:\/\/www.ukradeny-notebook.cz\/index.php?rest_route=\/wp\/v2\/pages\/974\/revisions\/1184"}],"wp:attachment":[{"href":"https:\/\/www.ukradeny-notebook.cz\/index.php?rest_route=%2Fwp%2Fv2%2Fmedia&parent=974"}],"curies":[{"name":"wp","href":"https:\/\/api.w.org\/{rel}","templated":true}]}}